{"id":101,"date":"2025-11-14T11:18:40","date_gmt":"2025-11-14T10:18:40","guid":{"rendered":"https:\/\/clotures-vigreux.fr\/lirelasuite\/?page_id=101"},"modified":"2025-11-14T17:47:17","modified_gmt":"2025-11-14T16:47:17","slug":"creation-graphique","status":"publish","type":"page","link":"https:\/\/clotures-vigreux.fr\/lirelasuite\/creation-graphique\/","title":{"rendered":"creation graphique"},"content":{"rendered":"<section class=\"l-section wpb_row height_small\"><div class=\"l-section-h i-cf\"><div class=\"g-cols vc_row via_grid cols_1 laptops-cols_inherit tablets-cols_inherit mobiles-cols_1 valign_top type_default stacking_default\"><div class=\"wpb_column vc_column_container\"><div class=\"vc_column-inner\"><div class=\"wpb_text_column\"><div class=\"wpb_wrapper\"><h1 class=\"vc_custom_heading vc_do_custom_heading\">Cr\u00e9ation graphique<br \/>\ndesign et illustration<\/h1>\n<\/div><\/div><div class=\"w-separator traitgauche size_small with_line width_30 thick_3 style_solid color_primary align_left\" id=\"traitgauche\"><div class=\"w-separator-h\"><\/div><\/div><div class=\"wpb_text_column\"><div class=\"wpb_wrapper\"><h2 class=\"vc_custom_heading vc_do_custom_heading\">Lirelasuite offre aux PME une patte artistique originale pour illustrer tous les projets : logos, infographies, webdesign et supports de communication print&#8230;<\/h2>\n<\/div><\/div><\/div><\/div><\/div><\/div><\/section><section class=\"l-section wpb_row height_small\"><div class=\"l-section-h i-cf\"><div class=\"g-cols vc_row via_grid cols_1 laptops-cols_inherit tablets-cols_inherit mobiles-cols_1 valign_top type_default stacking_default\"><div class=\"wpb_column vc_column_container\"><div class=\"vc_column-inner\"><div class=\"wpb_text_column\"><div class=\"wpb_wrapper\"><p>Une<strong> image de marque qui se d\u00e9marque<\/strong>, c\u2019est une <strong>identit\u00e9 graphique originale et pertinente<\/strong> qui se d\u00e9voile.<\/p>\n<p>Sur le web ou via les outils de communication print, offrir \u00e0 ses clients ou fournisseurs une identit\u00e9 forte et moderne permet de donner un nouvel \u00e9lan \u00e0 son image de marque.<\/p>\n<p>Lirelasuite.fr vous accompagne dans la d\u00e9finition de <strong>toutes les d\u00e9clinaisons possibles de votre communication, print ou web<\/strong>. Nous cr\u00e9ons votre logo, vos infographies, documents pagin\u00e9s. Notre studio graphique vous apporte \u00e9galement une grande libert\u00e9 d\u2019imagination avec une offre d\u2019illustrations personnalis\u00e9es. Pour <strong>alimenter vos supports de communication ou contenus num\u00e9riques<\/strong>, nous effectuons \u00e9galement des op\u00e9rations d\u2019iconographie et d\u2019achat de photographies professionnelles.<\/p>\n<\/div><\/div><\/div><\/div><\/div><\/div><\/section><section class=\"l-section wpb_row height_small\"><div class=\"l-section-h i-cf\"><div class=\"g-cols vc_row via_grid cols_1 laptops-cols_inherit tablets-cols_inherit mobiles-cols_1 valign_top type_default stacking_default\"><div class=\"wpb_column vc_column_container\"><div class=\"vc_column-inner\"><h2 class=\"w-text\"><span class=\"w-text-h\"><span class=\"w-text-value\">Accompagner votre communication avec des supports graphiques clairs et efficaces<\/span><\/span><\/h2><\/div><\/div><\/div><\/div><\/section><section class=\"l-section wpb_row height_small\"><div class=\"l-section-h i-cf\"><div class=\"g-cols vc_row via_grid cols_1 laptops-cols_inherit tablets-cols_inherit mobiles-cols_1 valign_top type_default stacking_default\"><div class=\"wpb_column vc_column_container\"><div class=\"vc_column-inner\"><div class=\"g-cols wpb_row via_grid cols_3 laptops-cols_inherit tablets-cols_inherit mobiles-cols_1 valign_top type_default stacking_default\" style=\"--columns-gap:3rem;\"><div class=\"wpb_column vc_column_container\"><div class=\"vc_column-inner\"><div class=\"wpb_text_column\"><div class=\"wpb_wrapper\"><h3 class=\"vc_custom_heading vc_do_custom_heading\"><strong>Conception d\u2019identit\u00e9s visuelles<\/strong><\/h3>\n<p>Cr\u00e9ation de logos, chartes graphiques, palettes de couleurs, typographies et univers visuels permettant d\u2019identifier une marque ou une entreprise.<\/p>\n<\/div><\/div><\/div><\/div><div class=\"wpb_column vc_column_container\"><div class=\"vc_column-inner\"><div class=\"wpb_text_column\"><div class=\"wpb_wrapper\"><h3 data-start=\"350\" data-end=\"398\"><strong data-start=\"354\" data-end=\"398\">Cr\u00e9ation de supports de communication<\/strong><\/h3>\n<p data-start=\"399\" data-end=\"548\">R\u00e9alisation de documents imprim\u00e9s ou num\u00e9riques : affiches, flyers, brochures, cartes de visite, catalogues, packagings, panneaux publicitaires, etc.<\/p>\n<\/div><\/div><\/div><\/div><div class=\"wpb_column vc_column_container\"><div class=\"vc_column-inner\"><div class=\"wpb_text_column\"><div class=\"wpb_wrapper\"><h3 data-start=\"550\" data-end=\"582\"><strong data-start=\"554\" data-end=\"582\">Design digital et web<\/strong><\/h3>\n<p data-start=\"583\" data-end=\"731\">Cr\u00e9ation d\u2019\u00e9l\u00e9ments graphiques pour les sites Internet et r\u00e9seaux sociaux : banni\u00e8res, visuels de posts, miniatures, structures de pages, UI design\u2026<\/p>\n<\/div><\/div><\/div><\/div><\/div><div class=\"w-separator size_medium\"><\/div><div class=\"g-cols wpb_row via_grid cols_3 laptops-cols_inherit tablets-cols_inherit mobiles-cols_1 valign_top type_default stacking_default\" style=\"--columns-gap:3rem;\"><div class=\"wpb_column vc_column_container\"><div class=\"vc_column-inner\"><div class=\"wpb_text_column\"><div class=\"wpb_wrapper\"><h3 data-start=\"733\" data-end=\"774\"><strong data-start=\"737\" data-end=\"774\">Mise en page (print &amp; digital)<\/strong><\/h3>\n<p data-start=\"775\" data-end=\"904\">Organisation et hi\u00e9rarchisation des contenus (textes, images, titres) pour rendre l&rsquo;information lisible, coh\u00e9rente et attractive.<\/p>\n<\/div><\/div><\/div><\/div><div class=\"wpb_column vc_column_container\"><div class=\"vc_column-inner\"><div class=\"wpb_text_column\"><div class=\"wpb_wrapper\"><h3 data-start=\"1048\" data-end=\"1078\"><strong data-start=\"1052\" data-end=\"1078\">Suivi de production<\/strong><\/h3>\n<p data-start=\"1079\" data-end=\"1194\">Pr\u00e9paration des fichiers pour l\u2019impression, \u00e9changes avec les imprimeurs, contr\u00f4le des BAT, adaptation des formats.<\/p>\n<\/div><\/div><\/div><\/div><div class=\"wpb_column vc_column_container\"><div class=\"vc_column-inner\"><div class=\"wpb_text_column\"><div class=\"wpb_wrapper\"><h3 data-start=\"1350\" data-end=\"1395\"><strong data-start=\"1354\" data-end=\"1395\">Conseils en communication visuelle<\/strong><\/h3>\n<p data-start=\"1396\" data-end=\"1504\">Accompagnement du client dans ses choix graphiques, coh\u00e9rence de marque, am\u00e9lioration de supports existants.<\/p>\n<\/div><\/div><\/div><\/div><\/div><\/div><\/div><\/div><\/div><\/section><section class=\"l-section wpb_row height_small\"><div class=\"l-section-h i-cf\"><div class=\"g-cols vc_row via_grid cols_1-4-1 laptops-cols_inherit tablets-cols_inherit mobiles-cols_1 valign_top type_default stacking_default\"><div class=\"wpb_column vc_column_container\"><div class=\"vc_column-inner\"><\/div><\/div><div class=\"wpb_column vc_column_container us_custom_1b75f4b0 has_text_color\"><div class=\"vc_column-overlay\" style=\"background:var(--color-content-primary)\"><\/div><div class=\"vc_column-inner\"><div class=\"wpb_text_column\"><div class=\"wpb_wrapper\"><h3><strong>Prenons rendez-vous,<\/strong><br \/>\n<strong>parlons de votre projet.<\/strong><\/h3>\n<\/div><\/div><div class=\"w-separator size_small with_line width_30 thick_1 style_solid color_text align_center\"><div class=\"w-separator-h\"><\/div><\/div><div class=\"w-btn-wrapper align_center\"><a class=\"w-btn us-btn-style_1\" href=\"https:\/\/clotures-vigreux.fr\/lirelasuite\/contact\/\"><span class=\"w-btn-label\">Contactez-nous<\/span><\/a><\/div><\/div><\/div><div class=\"wpb_column vc_column_container\"><div class=\"vc_column-inner\"><\/div><\/div><\/div><\/div><\/section><section class=\"l-section wpb_row height_small\"><div class=\"l-section-h i-cf\"><div class=\"g-cols vc_row via_grid cols_1 laptops-cols_inherit tablets-cols_inherit mobiles-cols_1 valign_top type_default stacking_default\"><div class=\"wpb_column vc_column_container\"><div class=\"vc_column-inner\"><div class=\"wpb_text_column\"><div class=\"wpb_wrapper\"><h3><strong>Quelques r\u00e9alisations\u00a0<\/strong><\/h3>\n<\/div><\/div><div class=\"w-separator size_medium\"><\/div><div class=\"w-grid us_post_list type_grid layout_67 cols_3 preload_style_spinner\" id=\"us_post_list_je49\" style=\"--columns:3;--gap:1.5rem;\" data-filterable=\"true\"><style>@media (max-width:1024px){#us_post_list_je49{--columns:2!important}}@media (max-width:600px){#us_post_list_je49{--columns:2!important}}.layout_67 .w-grid-item-h{}.layout_67 .usg_post_image_1{margin-bottom:0.5rem!important}<\/style><div class=\"w-grid-list\">\t<article class=\"w-grid-item size_1x1 post-40 attachment type-attachment status-inherit hentry\" data-id=\"40\">\n\t\t<div class=\"w-grid-item-h\">\n\t\t\t\t\t\t\t<a ref=\"magnificPopupGrid\" href=\"https:\/\/clotures-vigreux.fr\/lirelasuite\/wp-content\/uploads\/2025\/09\/CDV-Atl.-Int.jpg\" class=\"w-grid-item-anchor\" aria-label=\"Identit\u00e9 graphique &#8211; Atlantique Interiors\"><\/a>\n\t\t\t\t\t\t<div class=\"w-post-elm post_image usg_post_image_1 stretched\"><img loading=\"lazy\" decoding=\"async\" width=\"800\" height=\"800\" src=\"https:\/\/clotures-vigreux.fr\/lirelasuite\/wp-content\/uploads\/2025\/09\/CDV-Atl.-Int.jpg\" class=\"attachment-large size-large\" alt=\"\" srcset=\"https:\/\/clotures-vigreux.fr\/lirelasuite\/wp-content\/uploads\/2025\/09\/CDV-Atl.-Int.jpg 800w, https:\/\/clotures-vigreux.fr\/lirelasuite\/wp-content\/uploads\/2025\/09\/CDV-Atl.-Int-300x300.jpg 300w, https:\/\/clotures-vigreux.fr\/lirelasuite\/wp-content\/uploads\/2025\/09\/CDV-Atl.-Int-150x150.jpg 150w\" sizes=\"auto, (max-width: 800px) 100vw, 800px\" \/><\/div>\t\t<\/div>\n\t\t\t<\/article>\n\t<article class=\"w-grid-item size_1x1 post-46 attachment type-attachment status-inherit hentry\" data-id=\"46\">\n\t\t<div class=\"w-grid-item-h\">\n\t\t\t\t\t\t\t<a ref=\"magnificPopupGrid\" href=\"https:\/\/clotures-vigreux.fr\/lirelasuite\/wp-content\/uploads\/2025\/09\/definature.jpg\" class=\"w-grid-item-anchor\" aria-label=\"Graphisme et illustration &#8211; Escape game D\u00e9finature\"><\/a>\n\t\t\t\t\t\t<div class=\"w-post-elm post_image usg_post_image_1 stretched\"><img loading=\"lazy\" decoding=\"async\" width=\"800\" height=\"800\" src=\"https:\/\/clotures-vigreux.fr\/lirelasuite\/wp-content\/uploads\/2025\/09\/definature.jpg\" class=\"attachment-large size-large\" alt=\"\" srcset=\"https:\/\/clotures-vigreux.fr\/lirelasuite\/wp-content\/uploads\/2025\/09\/definature.jpg 800w, https:\/\/clotures-vigreux.fr\/lirelasuite\/wp-content\/uploads\/2025\/09\/definature-300x300.jpg 300w, https:\/\/clotures-vigreux.fr\/lirelasuite\/wp-content\/uploads\/2025\/09\/definature-150x150.jpg 150w\" sizes=\"auto, (max-width: 800px) 100vw, 800px\" \/><\/div>\t\t<\/div>\n\t\t\t<\/article>\n\t<article class=\"w-grid-item size_1x1 post-47 attachment type-attachment status-inherit hentry\" data-id=\"47\">\n\t\t<div class=\"w-grid-item-h\">\n\t\t\t\t\t\t\t<a ref=\"magnificPopupGrid\" href=\"https:\/\/clotures-vigreux.fr\/lirelasuite\/wp-content\/uploads\/2025\/09\/expertise-BG.jpg\" class=\"w-grid-item-anchor\" aria-label=\"Flyer de pr\u00e9sentation &#8211; Expertise BG\"><\/a>\n\t\t\t\t\t\t<div class=\"w-post-elm post_image usg_post_image_1 stretched\"><img loading=\"lazy\" decoding=\"async\" width=\"800\" height=\"800\" src=\"https:\/\/clotures-vigreux.fr\/lirelasuite\/wp-content\/uploads\/2025\/09\/expertise-BG.jpg\" class=\"attachment-large size-large\" alt=\"\" srcset=\"https:\/\/clotures-vigreux.fr\/lirelasuite\/wp-content\/uploads\/2025\/09\/expertise-BG.jpg 800w, https:\/\/clotures-vigreux.fr\/lirelasuite\/wp-content\/uploads\/2025\/09\/expertise-BG-300x300.jpg 300w, https:\/\/clotures-vigreux.fr\/lirelasuite\/wp-content\/uploads\/2025\/09\/expertise-BG-150x150.jpg 150w\" sizes=\"auto, (max-width: 800px) 100vw, 800px\" \/><\/div>\t\t<\/div>\n\t\t\t<\/article>\n\t<article class=\"w-grid-item size_1x1 post-50 attachment type-attachment status-inherit hentry\" data-id=\"50\">\n\t\t<div class=\"w-grid-item-h\">\n\t\t\t\t\t\t\t<a ref=\"magnificPopupGrid\" href=\"https:\/\/clotures-vigreux.fr\/lirelasuite\/wp-content\/uploads\/2025\/09\/josephine-transition1.jpg\" class=\"w-grid-item-anchor\" aria-label=\"Identit\u00e9 graphique &#8211; Jos\u00e9phine Transition\"><\/a>\n\t\t\t\t\t\t<div class=\"w-post-elm post_image usg_post_image_1 stretched\"><img loading=\"lazy\" decoding=\"async\" width=\"795\" height=\"795\" src=\"https:\/\/clotures-vigreux.fr\/lirelasuite\/wp-content\/uploads\/2025\/09\/josephine-transition1.jpg\" class=\"attachment-large size-large\" alt=\"\" srcset=\"https:\/\/clotures-vigreux.fr\/lirelasuite\/wp-content\/uploads\/2025\/09\/josephine-transition1.jpg 795w, https:\/\/clotures-vigreux.fr\/lirelasuite\/wp-content\/uploads\/2025\/09\/josephine-transition1-300x300.jpg 300w, https:\/\/clotures-vigreux.fr\/lirelasuite\/wp-content\/uploads\/2025\/09\/josephine-transition1-150x150.jpg 150w\" sizes=\"auto, (max-width: 795px) 100vw, 795px\" \/><\/div>\t\t<\/div>\n\t\t\t<\/article>\n\t<article class=\"w-grid-item size_1x1 post-49 attachment type-attachment status-inherit hentry\" data-id=\"49\">\n\t\t<div class=\"w-grid-item-h\">\n\t\t\t\t\t\t\t<a ref=\"magnificPopupGrid\" href=\"https:\/\/clotures-vigreux.fr\/lirelasuite\/wp-content\/uploads\/2025\/09\/josephine-transition.jpg\" class=\"w-grid-item-anchor\" aria-label=\"Flyer de pr\u00e9sentation &#8211; Jos\u00e9phine Transition\"><\/a>\n\t\t\t\t\t\t<div class=\"w-post-elm post_image usg_post_image_1 stretched\"><img loading=\"lazy\" decoding=\"async\" width=\"800\" height=\"800\" src=\"https:\/\/clotures-vigreux.fr\/lirelasuite\/wp-content\/uploads\/2025\/09\/josephine-transition.jpg\" class=\"attachment-large size-large\" alt=\"\" srcset=\"https:\/\/clotures-vigreux.fr\/lirelasuite\/wp-content\/uploads\/2025\/09\/josephine-transition.jpg 800w, https:\/\/clotures-vigreux.fr\/lirelasuite\/wp-content\/uploads\/2025\/09\/josephine-transition-300x300.jpg 300w, https:\/\/clotures-vigreux.fr\/lirelasuite\/wp-content\/uploads\/2025\/09\/josephine-transition-150x150.jpg 150w\" sizes=\"auto, (max-width: 800px) 100vw, 800px\" \/><\/div>\t\t<\/div>\n\t\t\t<\/article>\n\t<article class=\"w-grid-item size_1x1 post-53 attachment type-attachment status-inherit hentry\" data-id=\"53\">\n\t\t<div class=\"w-grid-item-h\">\n\t\t\t\t\t\t\t<a ref=\"magnificPopupGrid\" href=\"https:\/\/clotures-vigreux.fr\/lirelasuite\/wp-content\/uploads\/2025\/09\/logo-neosylva.jpg\" class=\"w-grid-item-anchor\" aria-label=\"Identit\u00e9 visuelle &#8211; N\u00e9osylva\"><\/a>\n\t\t\t\t\t\t<div class=\"w-post-elm post_image usg_post_image_1 stretched\"><img loading=\"lazy\" decoding=\"async\" width=\"800\" height=\"800\" src=\"https:\/\/clotures-vigreux.fr\/lirelasuite\/wp-content\/uploads\/2025\/09\/logo-neosylva.jpg\" class=\"attachment-large size-large\" alt=\"\" srcset=\"https:\/\/clotures-vigreux.fr\/lirelasuite\/wp-content\/uploads\/2025\/09\/logo-neosylva.jpg 800w, https:\/\/clotures-vigreux.fr\/lirelasuite\/wp-content\/uploads\/2025\/09\/logo-neosylva-300x300.jpg 300w, https:\/\/clotures-vigreux.fr\/lirelasuite\/wp-content\/uploads\/2025\/09\/logo-neosylva-150x150.jpg 150w\" sizes=\"auto, (max-width: 800px) 100vw, 800px\" \/><\/div>\t\t<\/div>\n\t\t\t<\/article>\n\t<article class=\"w-grid-item size_1x1 post-59 attachment type-attachment status-inherit hentry\" data-id=\"59\">\n\t\t<div class=\"w-grid-item-h\">\n\t\t\t\t\t\t\t<a ref=\"magnificPopupGrid\" href=\"https:\/\/clotures-vigreux.fr\/lirelasuite\/wp-content\/uploads\/2025\/09\/plaquette-neosylva.jpg\" class=\"w-grid-item-anchor\" aria-label=\"Rapport Annuel - N\u00e9osylva\"><\/a>\n\t\t\t\t\t\t<div class=\"w-post-elm post_image usg_post_image_1 stretched\"><img loading=\"lazy\" decoding=\"async\" width=\"800\" height=\"800\" src=\"https:\/\/clotures-vigreux.fr\/lirelasuite\/wp-content\/uploads\/2025\/09\/plaquette-neosylva.jpg\" class=\"attachment-large size-large\" alt=\"Rapport Annuel - N\u00e9osylva\" srcset=\"https:\/\/clotures-vigreux.fr\/lirelasuite\/wp-content\/uploads\/2025\/09\/plaquette-neosylva.jpg 800w, https:\/\/clotures-vigreux.fr\/lirelasuite\/wp-content\/uploads\/2025\/09\/plaquette-neosylva-300x300.jpg 300w, https:\/\/clotures-vigreux.fr\/lirelasuite\/wp-content\/uploads\/2025\/09\/plaquette-neosylva-150x150.jpg 150w\" sizes=\"auto, (max-width: 800px) 100vw, 800px\" \/><\/div>\t\t<\/div>\n\t\t\t<\/article>\n\t<article class=\"w-grid-item size_1x1 post-174 attachment type-attachment status-inherit hentry\" data-id=\"174\">\n\t\t<div class=\"w-grid-item-h\">\n\t\t\t\t\t\t\t<a ref=\"magnificPopupGrid\" href=\"https:\/\/clotures-vigreux.fr\/lirelasuite\/wp-content\/uploads\/2025\/11\/Rollup-Neosylva-2.png\" class=\"w-grid-item-anchor\" aria-label=\"Rollup Ne\u0301osylva.\"><\/a>\n\t\t\t\t\t\t<div class=\"w-post-elm post_image usg_post_image_1 stretched\"><img loading=\"lazy\" decoding=\"async\" width=\"800\" height=\"800\" src=\"https:\/\/clotures-vigreux.fr\/lirelasuite\/wp-content\/uploads\/2025\/11\/Rollup-Neosylva-2.png\" class=\"attachment-large size-large\" alt=\"Rollup Ne\u0301osylva.\" srcset=\"https:\/\/clotures-vigreux.fr\/lirelasuite\/wp-content\/uploads\/2025\/11\/Rollup-Neosylva-2.png 800w, https:\/\/clotures-vigreux.fr\/lirelasuite\/wp-content\/uploads\/2025\/11\/Rollup-Neosylva-2-300x300.png 300w, https:\/\/clotures-vigreux.fr\/lirelasuite\/wp-content\/uploads\/2025\/11\/Rollup-Neosylva-2-150x150.png 150w\" sizes=\"auto, (max-width: 800px) 100vw, 800px\" \/><\/div>\t\t<\/div>\n\t\t\t<\/article>\n\t<article class=\"w-grid-item size_1x1 post-64 attachment type-attachment status-inherit hentry\" data-id=\"64\">\n\t\t<div class=\"w-grid-item-h\">\n\t\t\t\t\t\t\t<a ref=\"magnificPopupGrid\" href=\"https:\/\/clotures-vigreux.fr\/lirelasuite\/wp-content\/uploads\/2025\/09\/triptique-grtgaz.jpg\" class=\"w-grid-item-anchor\" aria-label=\"Plaquette Tri S\u00e9lectif - Grt Gaz\"><\/a>\n\t\t\t\t\t\t<div class=\"w-post-elm post_image usg_post_image_1 stretched\"><img loading=\"lazy\" decoding=\"async\" width=\"800\" height=\"800\" src=\"https:\/\/clotures-vigreux.fr\/lirelasuite\/wp-content\/uploads\/2025\/09\/triptique-grtgaz.jpg\" class=\"attachment-large size-large\" alt=\"Plaquette Tri S\u00e9lectif - Grt Gaz\" srcset=\"https:\/\/clotures-vigreux.fr\/lirelasuite\/wp-content\/uploads\/2025\/09\/triptique-grtgaz.jpg 800w, https:\/\/clotures-vigreux.fr\/lirelasuite\/wp-content\/uploads\/2025\/09\/triptique-grtgaz-300x300.jpg 300w, https:\/\/clotures-vigreux.fr\/lirelasuite\/wp-content\/uploads\/2025\/09\/triptique-grtgaz-150x150.jpg 150w\" sizes=\"auto, (max-width: 800px) 100vw, 800px\" \/><\/div>\t\t<\/div>\n\t\t\t<\/article>\n\t<article class=\"w-grid-item size_1x1 post-58 attachment type-attachment status-inherit hentry\" data-id=\"58\">\n\t\t<div class=\"w-grid-item-h\">\n\t\t\t\t\t\t\t<a ref=\"magnificPopupGrid\" href=\"https:\/\/clotures-vigreux.fr\/lirelasuite\/wp-content\/uploads\/2025\/09\/phare-ouest-nautic-6.jpg\" class=\"w-grid-item-anchor\" aria-label=\"Flyer de pr\u00e9sentation - Phare Ouest Nautique\"><\/a>\n\t\t\t\t\t\t<div class=\"w-post-elm post_image usg_post_image_1 stretched\"><img loading=\"lazy\" decoding=\"async\" width=\"801\" height=\"801\" src=\"https:\/\/clotures-vigreux.fr\/lirelasuite\/wp-content\/uploads\/2025\/09\/phare-ouest-nautic-6.jpg\" class=\"attachment-large size-large\" alt=\"Flyer de pr\u00e9sentation - Phare Ouest Nautique\" srcset=\"https:\/\/clotures-vigreux.fr\/lirelasuite\/wp-content\/uploads\/2025\/09\/phare-ouest-nautic-6.jpg 801w, https:\/\/clotures-vigreux.fr\/lirelasuite\/wp-content\/uploads\/2025\/09\/phare-ouest-nautic-6-300x300.jpg 300w, https:\/\/clotures-vigreux.fr\/lirelasuite\/wp-content\/uploads\/2025\/09\/phare-ouest-nautic-6-150x150.jpg 150w\" sizes=\"auto, (max-width: 801px) 100vw, 801px\" \/><\/div>\t\t<\/div>\n\t\t\t<\/article>\n\t<article class=\"w-grid-item size_1x1 post-43 attachment type-attachment status-inherit hentry\" data-id=\"43\">\n\t\t<div class=\"w-grid-item-h\">\n\t\t\t\t\t\t\t<a ref=\"magnificPopupGrid\" href=\"https:\/\/clotures-vigreux.fr\/lirelasuite\/wp-content\/uploads\/2025\/09\/creation-graph-agence-voyage.jpg\" class=\"w-grid-item-anchor\" aria-label=\"Identit\u00e9 visuelle &#8211; Arcus Voyages\"><\/a>\n\t\t\t\t\t\t<div class=\"w-post-elm post_image usg_post_image_1 stretched\"><img loading=\"lazy\" decoding=\"async\" width=\"1024\" height=\"1024\" src=\"https:\/\/clotures-vigreux.fr\/lirelasuite\/wp-content\/uploads\/2025\/09\/creation-graph-agence-voyage-1024x1024.jpg\" class=\"attachment-large size-large\" alt=\"\" srcset=\"https:\/\/clotures-vigreux.fr\/lirelasuite\/wp-content\/uploads\/2025\/09\/creation-graph-agence-voyage-1024x1024.jpg 1024w, https:\/\/clotures-vigreux.fr\/lirelasuite\/wp-content\/uploads\/2025\/09\/creation-graph-agence-voyage-300x300.jpg 300w, https:\/\/clotures-vigreux.fr\/lirelasuite\/wp-content\/uploads\/2025\/09\/creation-graph-agence-voyage-150x150.jpg 150w, https:\/\/clotures-vigreux.fr\/lirelasuite\/wp-content\/uploads\/2025\/09\/creation-graph-agence-voyage.jpg 2004w\" sizes=\"auto, (max-width: 1024px) 100vw, 1024px\" \/><\/div>\t\t<\/div>\n\t\t\t<\/article>\n<\/div><div class=\"g-loadmore hidden\"><div class=\"g-preloader type_1\"><div><\/div><\/div><\/div><div class=\"w-grid-list-json hidden\" onclick='return {&quot;max_num_pages&quot;:0,&quot;pagination&quot;:&quot;none&quot;,&quot;paged&quot;:1,&quot;ajaxData&quot;:{&quot;action&quot;:&quot;us_ajax_post_list&quot;,&quot;meta_type&quot;:&quot;post&quot;,&quot;object_id&quot;:0,&quot;template_vars&quot;:{&quot;paged&quot;:1,&quot;max_num_pages&quot;:0,&quot;no_results&quot;:false,&quot;source&quot;:&quot;media&quot;,&quot;ids&quot;:&quot;&quot;,&quot;post_type&quot;:&quot;post&quot;,&quot;attachment_ids&quot;:&quot;40,46,47,50,49,53,59,174,64,58,43&quot;,&quot;include_post_thumbnail&quot;:0,&quot;post_author&quot;:&quot;any&quot;,&quot;post_author_ids&quot;:&quot;&quot;,&quot;apply_url_params&quot;:0,&quot;exclude_children&quot;:0,&quot;exclude_current_post&quot;:1,&quot;exclude_prev_posts&quot;:0,&quot;enable_items_offset&quot;:0,&quot;items_offset&quot;:&quot;1&quot;,&quot;tax_query_relation&quot;:&quot;none&quot;,&quot;tax_query&quot;:[{&quot;operator&quot;:&quot;IN&quot;,&quot;taxonomy&quot;:&quot;category&quot;,&quot;terms&quot;:&quot;&quot;,&quot;include_children&quot;:0}],&quot;meta_query_relation&quot;:&quot;none&quot;,&quot;meta_query&quot;:[{&quot;key&quot;:&quot;custom_field_name&quot;,&quot;compare&quot;:&quot;=&quot;,&quot;value&quot;:&quot;&quot;}],&quot;orderby&quot;:&quot;post__in&quot;,&quot;orderby_custom_field&quot;:&quot;&quot;,&quot;orderby_custom_type&quot;:0,&quot;order_invert&quot;:0,&quot;show_all&quot;:&quot;1&quot;,&quot;quantity&quot;:&quot;12&quot;,&quot;no_items_action&quot;:&quot;message&quot;,&quot;no_items_message&quot;:&quot;Aucun r\\u00e9sultat.&quot;,&quot;no_items_page_block&quot;:&quot;&quot;,&quot;pagination&quot;:&quot;none&quot;,&quot;pagination_style&quot;:&quot;&quot;,&quot;pagination_btn_text&quot;:&quot;Charger plus&quot;,&quot;pagination_btn_size&quot;:&quot;&quot;,&quot;pagination_btn_style&quot;:&quot;1&quot;,&quot;pagination_btn_fullwidth&quot;:0,&quot;items_layout&quot;:&quot;67&quot;,&quot;type&quot;:&quot;grid&quot;,&quot;items_valign&quot;:0,&quot;ignore_items_size&quot;:0,&quot;columns&quot;:&quot;3&quot;,&quot;items_gap&quot;:&quot;1.5rem&quot;,&quot;load_animation&quot;:&quot;none&quot;,&quot;items_preload_style&quot;:&quot;spinner&quot;,&quot;img_size&quot;:&quot;default&quot;,&quot;title_size&quot;:&quot;&quot;,&quot;items_ratio&quot;:&quot;default&quot;,&quot;items_ratio_width&quot;:&quot;21&quot;,&quot;items_ratio_height&quot;:&quot;9&quot;,&quot;overriding_link&quot;:&quot;%7B%22type%22%3A%22popup_image%22%7D&quot;,&quot;popup_width&quot;:&quot;&quot;,&quot;popup_arrows&quot;:1,&quot;breakpoint_1_width&quot;:&quot;1381px&quot;,&quot;breakpoint_1_cols&quot;:&quot;default&quot;,&quot;breakpoint_1_quantity&quot;:&quot;&quot;,&quot;breakpoint_1_gap&quot;:&quot;&quot;,&quot;breakpoint_2_width&quot;:&quot;1025px&quot;,&quot;breakpoint_2_cols&quot;:&quot;2&quot;,&quot;breakpoint_2_quantity&quot;:&quot;&quot;,&quot;breakpoint_2_gap&quot;:&quot;&quot;,&quot;breakpoint_3_width&quot;:&quot;601px&quot;,&quot;breakpoint_3_cols&quot;:&quot;2&quot;,&quot;breakpoint_3_quantity&quot;:&quot;&quot;,&quot;breakpoint_3_gap&quot;:&quot;&quot;,&quot;conditions_operator&quot;:&quot;always&quot;,&quot;conditions&quot;:[],&quot;css&quot;:null,&quot;el_class&quot;:&quot;&quot;,&quot;el_id&quot;:&quot;&quot;,&quot;enable_custom_html_atts&quot;:0,&quot;custom_html_atts&quot;:null,&quot;hide_on_states&quot;:&quot;&quot;,&quot;hide_for_sticky&quot;:0,&quot;hide_for_not_sticky&quot;:0,&quot;hide_below&quot;:&quot;0px&quot;,&quot;hide_above&quot;:&quot;0px&quot;,&quot;classes&quot;:&quot;&quot;}},&quot;facetedFilter&quot;:[]}'><\/div><\/div><\/div><\/div><\/div><\/div><\/section>\n","protected":false},"excerpt":{"rendered":"","protected":false},"author":1,"featured_media":0,"parent":0,"menu_order":0,"comment_status":"closed","ping_status":"closed","template":"","meta":{"footnotes":""},"class_list":["post-101","page","type-page","status-publish","hentry"],"_links":{"self":[{"href":"https:\/\/clotures-vigreux.fr\/lirelasuite\/wp-json\/wp\/v2\/pages\/101","targetHints":{"allow":["GET"]}}],"collection":[{"href":"https:\/\/clotures-vigreux.fr\/lirelasuite\/wp-json\/wp\/v2\/pages"}],"about":[{"href":"https:\/\/clotures-vigreux.fr\/lirelasuite\/wp-json\/wp\/v2\/types\/page"}],"author":[{"embeddable":true,"href":"https:\/\/clotures-vigreux.fr\/lirelasuite\/wp-json\/wp\/v2\/users\/1"}],"replies":[{"embeddable":true,"href":"https:\/\/clotures-vigreux.fr\/lirelasuite\/wp-json\/wp\/v2\/comments?post=101"}],"version-history":[{"count":33,"href":"https:\/\/clotures-vigreux.fr\/lirelasuite\/wp-json\/wp\/v2\/pages\/101\/revisions"}],"predecessor-version":[{"id":123,"href":"https:\/\/clotures-vigreux.fr\/lirelasuite\/wp-json\/wp\/v2\/pages\/101\/revisions\/123"}],"wp:attachment":[{"href":"https:\/\/clotures-vigreux.fr\/lirelasuite\/wp-json\/wp\/v2\/media?parent=101"}],"curies":[{"name":"wp","href":"https:\/\/api.w.org\/{rel}","templated":true}]}}