{"id":95,"date":"2025-11-14T10:32:41","date_gmt":"2025-11-14T09:32:41","guid":{"rendered":"https:\/\/clotures-vigreux.fr\/lirelasuite\/?page_id=95"},"modified":"2025-11-14T16:14:31","modified_gmt":"2025-11-14T15:14:31","slug":"gestion-des-reseaux-sociaux","status":"publish","type":"page","link":"https:\/\/clotures-vigreux.fr\/lirelasuite\/gestion-des-reseaux-sociaux\/","title":{"rendered":"Gestion des r\u00e9seaux sociaux"},"content":{"rendered":"<section class=\"l-section wpb_row height_small\"><div class=\"l-section-h i-cf\"><div class=\"g-cols vc_row via_grid cols_1 laptops-cols_inherit tablets-cols_inherit mobiles-cols_1 valign_top type_default stacking_default\"><div class=\"wpb_column vc_column_container\"><div class=\"vc_column-inner\"><div class=\"wpb_text_column\"><div class=\"wpb_wrapper\"><h1 class=\"vc_custom_heading vc_do_custom_heading\">R\u00e9seaux Sociaux<br \/>\nanimation &amp; conseil<\/h1>\n<\/div><\/div><div class=\"w-separator traitgauche size_small with_line width_30 thick_3 style_solid color_primary align_left\" id=\"traitgauche\"><div class=\"w-separator-h\"><\/div><\/div><div class=\"wpb_text_column\"><div class=\"wpb_wrapper\"><h2 class=\"vc_custom_heading vc_do_custom_heading\">Cr\u00e9er le reflet de votre entreprise &amp; d\u00e9velopper une communaut\u00e9 \u00e0 son image<\/h2>\n<\/div><\/div><\/div><\/div><\/div><\/div><\/section><section class=\"l-section wpb_row height_small\"><div class=\"l-section-h i-cf\"><div class=\"g-cols vc_row via_grid cols_1 laptops-cols_inherit tablets-cols_inherit mobiles-cols_1 valign_top type_default stacking_default\"><div class=\"wpb_column vc_column_container\"><div class=\"vc_column-inner\"><div class=\"wpb_text_column\"><div class=\"wpb_wrapper\"><p>Pour <strong>d\u00e9velopper l\u2019identit\u00e9 num\u00e9rique d\u2019une entreprise<\/strong> B-to-B ou B-to-C sur le web, les r\u00e9seaux sociaux repr\u00e9sentent aujourd\u2019hui une solution performante. Lirelasuite.fr\u00a0accompagne les PME de la d\u00e9finition d\u2019une strat\u00e9gie social media \u00e0 l\u2019animation de vos contenus ou la formation de vos \u00e9quipes aux missions d\u2019un community manager professionnel.<\/p>\n<h3 class=\"vc_custom_heading vc_do_custom_heading\">Pourquoi communiquer sur les r\u00e9seaux sociaux ?<\/h3>\n<p>Une PME qui souhaite d\u00e9velopper son image, sa visibilit\u00e9 et atteindre ses objectifs commerciaux, peut y parvenir en\u00a0menant un ensemble d\u2019actions professionnelles sur les bons r\u00e9seaux sociaux.<\/p>\n<\/div><\/div><\/div><\/div><\/div><\/div><\/section><section class=\"l-section wpb_row height_small\"><div class=\"l-section-h i-cf\"><div class=\"g-cols vc_row via_grid cols_1-4-1 laptops-cols_inherit tablets-cols_inherit mobiles-cols_1 valign_top type_default stacking_default\"><div class=\"wpb_column vc_column_container\"><div class=\"vc_column-inner\"><\/div><\/div><div class=\"wpb_column vc_column_container\"><div class=\"vc_column-inner\"><div class=\"wpb_text_column\"><div class=\"wpb_wrapper\"><blockquote>\n<h3 class=\"vc_custom_heading vc_do_custom_heading\">Une prestation sur-mesure en animation de m\u00e9dias sociaux, adapt\u00e9e \u00e0 votre activit\u00e9 web et vos besoins, pour un projet en harmonie avec votre strat\u00e9gie digitale.<\/h3>\n<\/blockquote>\n<\/div><\/div><\/div><\/div><div class=\"wpb_column vc_column_container\"><div class=\"vc_column-inner\"><\/div><\/div><\/div><\/div><\/section><section class=\"l-section wpb_row height_small\"><div class=\"l-section-h i-cf\"><div class=\"g-cols vc_row via_grid cols_1 laptops-cols_inherit tablets-cols_inherit mobiles-cols_1 valign_top type_default stacking_default\"><div class=\"wpb_column vc_column_container\"><div class=\"vc_column-inner\"><div class=\"w-separator size_medium\"><\/div><div class=\"g-cols wpb_row via_grid cols_3 laptops-cols_inherit tablets-cols_inherit mobiles-cols_1 valign_top type_default stacking_default\" style=\"--columns-gap:3rem;\"><div class=\"wpb_column vc_column_container\"><div class=\"vc_column-inner\"><div class=\"wpb_text_column\"><div class=\"wpb_wrapper\"><h3 class=\"vc_custom_heading vc_do_custom_heading\"><strong>Capter de nouveaux clients<\/strong><\/h3>\n<p><span>Aujourd\u2019hui,<strong> les Fran\u00e7ais passent en moyenne une heure et demi par jour sur leurs r\u00e9seaux sociaux<\/strong>, privil\u00e9giant les smartphones et les plateformes du web 2.0 aux <a href=\"http:\/\/www.lirelasuite.fr\/referencement-seo\/\">recherches conventionnelles sur l\u2019internet des moteurs de recherche<\/a>.<\/span><\/p>\n<p><span>Facebook, Instagram, Linkedin mais aussi Pinterest, Google ou X ou Youtube, sont d\u00e9sormais des<strong> vecteurs pr\u00e9cieux<\/strong> <strong>et performants pour convaincre de nouveaux clients<\/strong>, tout en f\u00e9d\u00e9rant une communaut\u00e9 en ad\u00e9quation avec votre identit\u00e9 en tant que marque.<\/span><\/p>\n<\/div><\/div><\/div><\/div><div class=\"wpb_column vc_column_container\"><div class=\"vc_column-inner\"><div class=\"wpb_text_column\"><div class=\"wpb_wrapper\"><h3 class=\"vc_custom_heading vc_do_custom_heading\"><strong>F\u00e9d\u00e9rer une communaut\u00e9<\/strong><\/h3>\n<div id=\"text-block-14\" class=\"mk-text-block jupiter-donut- \">\n<p><span>Sur les r\u00e9seaux sociaux, <strong>une certaine libert\u00e9 de ton est permise voire conseill\u00e9e<\/strong>. Votre image de marque sur le web se d\u00e9veloppera gr\u00e2ce \u00e0 la <strong>production de contenus originaux\u00a0et r\u00e9guliers.\u00a0<\/strong><\/span><\/p>\n<p><span>Votre objectif premier : apporter un suppl\u00e9ment d\u2019information et un suppl\u00e9ment d\u2019\u00e2me au nom de votre entreprise.<\/span><\/p>\n<p><span>Gr\u00e2ce \u00e0 une gestion professionnelle et respectueuse des utilisateurs sur les r\u00e9seaux sociaux, votre communaut\u00e9 deviendra un ensemble de fans et ambassadeurs de\u00a0votre image de marque.<\/span><\/p>\n<\/div>\n<\/div><\/div><\/div><\/div><div class=\"wpb_column vc_column_container\"><div class=\"vc_column-inner\"><div class=\"wpb_text_column\"><div class=\"wpb_wrapper\"><h3 data-start=\"730\" data-end=\"796\"><strong data-start=\"734\" data-end=\"796\">Soutenir les objectifs business\u00a0<\/strong><\/h3>\n<p data-start=\"797\" data-end=\"1025\">G\u00e9n\u00e9ration de trafic, de leads, ou de ventes<\/p>\n<p data-start=\"797\" data-end=\"1025\">Une pr\u00e9sence social media structur\u00e9e peut attirer du trafic qualifi\u00e9 vers votre site, nourrir un tunnel de conversion, augmenter les ventes (via social ads, contenus \u00e9ducatifs, avis clients, etc.) et am\u00e9liorer le service client.<\/p>\n<p data-start=\"797\" data-end=\"1025\">Une strat\u00e9gie bien pens\u00e9e permet d\u2019optimiser l\u2019investissement, de mesurer les performances (ROI, CPC, conversions), et d\u2019am\u00e9liorer continuellement les actions.<\/p>\n<\/div><\/div><\/div><\/div><\/div><\/div><\/div><\/div><\/div><\/section><section class=\"l-section wpb_row height_small\"><div class=\"l-section-h i-cf\"><div class=\"g-cols vc_row via_grid cols_1-4-1 laptops-cols_inherit tablets-cols_inherit mobiles-cols_1 valign_top type_default stacking_default\"><div class=\"wpb_column vc_column_container\"><div class=\"vc_column-inner\"><\/div><\/div><div class=\"wpb_column vc_column_container us_custom_1b75f4b0 has_text_color\"><div class=\"vc_column-overlay\" style=\"background:var(--color-content-primary)\"><\/div><div class=\"vc_column-inner\"><div class=\"wpb_text_column\"><div class=\"wpb_wrapper\"><h3><strong>Prenons rendez-vous,<\/strong><br \/>\n<strong>parlons de votre projet.<\/strong><\/h3>\n<\/div><\/div><div class=\"w-separator size_small with_line width_30 thick_1 style_solid color_text align_center\"><div class=\"w-separator-h\"><\/div><\/div><div class=\"w-btn-wrapper align_center\"><a class=\"w-btn us-btn-style_1\" href=\"https:\/\/clotures-vigreux.fr\/lirelasuite\/contact\/\"><span class=\"w-btn-label\">Contactez-nous<\/span><\/a><\/div><\/div><\/div><div class=\"wpb_column vc_column_container\"><div class=\"vc_column-inner\"><\/div><\/div><\/div><\/div><\/section>\n","protected":false},"excerpt":{"rendered":"R\u00e9seaux Sociaux animation &amp; conseil Cr\u00e9er le reflet de votre entreprise &amp; d\u00e9velopper une communaut\u00e9 \u00e0 son image Pour d\u00e9velopper l\u2019identit\u00e9 num\u00e9rique d\u2019une entreprise B-to-B ou B-to-C sur le web, les r\u00e9seaux sociaux repr\u00e9sentent aujourd\u2019hui une solution performante. Lirelasuite.fr\u00a0accompagne les PME de la d\u00e9finition d\u2019une strat\u00e9gie social media \u00e0 l\u2019animation de vos contenus ou la...","protected":false},"author":1,"featured_media":0,"parent":0,"menu_order":0,"comment_status":"closed","ping_status":"closed","template":"","meta":{"footnotes":""},"class_list":["post-95","page","type-page","status-publish","hentry"],"_links":{"self":[{"href":"https:\/\/clotures-vigreux.fr\/lirelasuite\/wp-json\/wp\/v2\/pages\/95","targetHints":{"allow":["GET"]}}],"collection":[{"href":"https:\/\/clotures-vigreux.fr\/lirelasuite\/wp-json\/wp\/v2\/pages"}],"about":[{"href":"https:\/\/clotures-vigreux.fr\/lirelasuite\/wp-json\/wp\/v2\/types\/page"}],"author":[{"embeddable":true,"href":"https:\/\/clotures-vigreux.fr\/lirelasuite\/wp-json\/wp\/v2\/users\/1"}],"replies":[{"embeddable":true,"href":"https:\/\/clotures-vigreux.fr\/lirelasuite\/wp-json\/wp\/v2\/comments?post=95"}],"version-history":[{"count":12,"href":"https:\/\/clotures-vigreux.fr\/lirelasuite\/wp-json\/wp\/v2\/pages\/95\/revisions"}],"predecessor-version":[{"id":184,"href":"https:\/\/clotures-vigreux.fr\/lirelasuite\/wp-json\/wp\/v2\/pages\/95\/revisions\/184"}],"wp:attachment":[{"href":"https:\/\/clotures-vigreux.fr\/lirelasuite\/wp-json\/wp\/v2\/media?parent=95"}],"curies":[{"name":"wp","href":"https:\/\/api.w.org\/{rel}","templated":true}]}}